hat is x(t)?
1
Let b(j) be the first derivative of 12*j + 1/2*j**2 + 4. Suppose 2 = -i - 3. Give b(i).
7
Let c(m) = m**3 - 6*m**2 - 9*m + 8. Let k be c(7). Let l(r) = r**2 + 9*r + 6. Calculate l(k).
-12
Let f(i) = -4*i**3 + 20*i**2 + 3*i - 25. Let c(j) = -j**3 + 5*j**2 + j - 6. Let s(l) = -9*c(l) + 2*f(l). Determine s(6).
22
Let z(d) be the third derivative of 1/10*d**5 + 0*d + d**2 + 1/2*d**3 + 0 + 0*d**4 + 1/120*d**6. Give z(-6).
3
Let y(z) = 17*z + 4 - 11*z + 6*z**2 - 3*z**2 - 2*z**2. Calculate y(-4).
-4
Let z(f) be the first derivative of -f**2/2 - 5*f + 10. Give z(0).
-5
Let w(v) = 2 + 2*v - 9 + 6. Calculate w(1).
1
Let z(n) = 3*n - 15. Let q be z(6). Let l(r) = -3*r**q + 4*r**2 + 2*r**3 + 3*r**2 - 5*r - r - 6. Determine l(5).
14
Suppose 0 = 5*t - 0*t + 5*q - 5, 4*q + 10 = 3*t. Let r(v) = v**3 + 4*v**2 - 10*v**t + 0*v - 4 + v + 1. Determine r(6).
3
Let z(w) be the second derivative of -2*w**4/3 - w**2/2 - 4*w. Let b = -3 - -2. Determine z(b).
-9
Let l(j) = 3*j - 3*j**2 - j**3 - 8 - 5*j + j**2 + 7. Let p be l(-2). Let y(s) = -s - 2. Determine y(p).
-5
Let y(g) = -2 - 1 + 2*g**2 + 2 + g - g**2. What is y(-3)?
5
Let x(g) be the third derivative of 0*g - 1/60*g**5 + 1/6*g**3 + 5/24*g**4 - 3*g**2 + 0. Calculate x(5).
1
Let h(f) = -f**3 - 3*f**2. Let t be h(-3). Let y(k) be the third derivative of k**6/120 - k**5/60 - k**4/24 - k**3/2 - k**2. What is y(t)?
-3
Let t(h) = -3*h + 31*h**2 + 2 - 4 - 30*h**2. Calculate t(3).
-2
Suppose 3*q + 2*z - 66 = 3*z, 4*q = z + 87. Let k(g) = -3*g**2 - 12*g + 4*g**2 + 28*g - q*g. Suppose 0 = 2*s - 5*t + 17, -4*t + 25 = 5. Calculate k(s).
-4
Let w(n) = -3*n**3 - 4*n**2 + 7*n + 5. Let b(a) = -13*a**3 - 15*a**2 + 27*a + 19. Let x(d) = 2*b(d) - 9*w(d). What is x(-7)?
7
Suppose 0 = -2*s + 5 - 1. Let b(z) = z**s + 6*z**2 + 3*z - 4 - 3*z**2 - 3*z**2. Give b(-3).
-4
Let q(t) = 9*t**3 + 6*t**2 + 2*t - 1. Let w(d) = -27*d**3 - 17*d**2 - 6*d + 3. Let k(s) = -17*q(s) - 6*w(s). Calculate k(1).
10
Let d(b) be the second derivative of 3*b**3/2 + 3*b**2/2 - 37*b. Calculate d(-2).
-15
Suppose 6*o = 2*o. Let m(w) = o*w**2 - 8*w**2 + 0*w**2. Determine m(-1).
-8
Let p(s) = -s**2 - 3*s + 4. Let g(a) = a**3 + 3*a**3 + a**3. Let x be g(-1). Let l be p(x). Let k(y) = -y - 2. Determine k(l).
4
Let x(m) = m**3 - 4*m**2 - 5. Let h(r) = -4*r**3 - 2*r**2 - 3*r - 2. Let a be h(-2). Suppose -5*f - 2*k + 2 + a = 0, k + 11 = 4*f. Calculate x(f).
-5
Let h(i) = 0 - 3*i + i**2 - 4 + i**3 + 7. What is h(-3)?
-6
Let p = 10 - 4. Let i(b) = b**3 - 5*b**2 - 5*b + 4. What is i(p)?
10
Let c(z) = -6*z - 1. Let r = 0 - -2. Calculate c(r).
-13
Let b = -13 - -9. Let d(o) = 5*o**2 + 2*o**3 + 649 - o**3 + 3*o - 654. Give d(b).
-1
Let b(j) = -j**3 + 3*j**2 + j - 4. Suppose -a = -0*a - 3. What is b(a)?
-1
Suppose 5*j + 5 = -4*g, -2 = 4*j - 3*j + g. Let d(s) = j*s + 0*s - 1 - 4 + s**2. Let o be (-15)/(-10)*60/(-18). Determine d(o).
5
Let t(g) = 0 - g - 3 - 3*g**2 + 2 + g**3. Give t(3).
-4
Let o(p) = p**2. Suppose 3*b + 0*b = 3. Calculate o(b).
1
Let b = -10 - -11. Let h = -1 - b. Let g(a) = -a**2 - 4*a - 1. Calculate g(h).
3
Let d(w) = -w**3 - 5*w**2 + 6*w - 4. Let o(b) = -b**2 - 14*b - 19. Let m be o(-13). What is d(m)?
-4
Let r(z) be the second derivative of 4*z + 3/2*z**2 + 1/20*z**5 - 7/12*z**4 + 0 + 1/6*z**3. What is r(7)?
10
Let d(j) = -j**3 + 4*j**2 - 4*j + 2. Let w be d(2). Suppose w*p - 10 = 0, -4*r = -p + 5 - 4. Let a(g) = -4*g - 1. Give a(r).
-5
Let n(y) = 4*y**2 - 3*y - 7. Let q(k) = k**2 - k - 1. Let w(c) = -n(c) + 5*q(c). Determine w(3).
5
Let r(i) = 48*i**2 - 5*i - 11. Let d = 0 + 8. Let y(t) = -16*t**2 + 2*t + 4. Let l(v) = d*y(v) + 3*r(v). Determine l(1).
16
Let m be (15/12)/(2/(-8)). Let v(h) = -h**2 - 6*h + 2. Calculate v(m).
7
Let r be 6 + 1 - (4 + -3). Let t be 4/6 + 2/r. Let w(v) = -v**2 - v - 3*v**2 + 2*v**2 - t. What is w(-1)?
-2
Let f(p) = -3*p - p**2 - p**3 + p - 4*p**3 - 1. Let c be (9 - -1)/(0 + 2). Suppose 8 = -c*z + 3. Determine f(z).
5
Let u(n) = -n - 3. Let z(s) = 5*s + 14. Let o(d) = 11*u(d) + 2*z(d). Determine o(-8).
3
Let u(p) = p**3 + p**2 - 4*p + 1. Let o be u(-2). Let a be 132/30 - 2/o. Let g(d) = d - 3. Calculate g(a).
1
Let r(t) be the first derivative of -t**5/60 - t**4/6 + t**3/2 + 3*t**2/2 + 2. Let h(g) be the second derivative of r(g). What is h(-4)?
3
Let l(u) = -5*u**2 - u + 5. Let z(d) = 11*d**2 + 2*d - 10. Let j(q) = 13*l(q) + 6*z(q). What is j(0)?
5
Let b(g) = 6*g + 5. Let o(z) = 5*z + 5. Let r(j) = -6*b(j) + 7*o(j). Calculate r(4).
1
Suppose 1 = p - 0*p. Let d = -19 - -17. Let v = d - p. Let x(k) = 2*k + 2. Determine x(v).
-4
Let d(h) = h**2 - 7*h + 2. Let x = 110 + -60. Suppose x = -3*b + 11. Let p = 18 + b. What is d(p)?
-8
Let i = -8 - -13. Let f(j) = -j + i + 0*j - 1. Suppose -2 + 12 = 2*b. Give f(b).
-1
Let j(o) = -o**2 + 5*o + 1. Let z(r) = -3*r**2 + 2*r + 6. Let s be z(6). Let q be ((-8)/10)/(6/s). Suppose -q = -4*i + 8. Give j(i).
1
Let r(k) = 10*k**2 - 46*k - 1 - 41*k + 85*k. Give r(-1).
11
Let v(m) be the first derivative of 2*m**2 + 6*m + 4. Let c(p) = -7*p - 13. Let y(q) = -3*c(q) - 5*v(q). Determine y(0).
9
Let r(c) = 7*c. Suppose 0 = -15*j + 16*j + 2. Calculate r(j).
-14
Let f(r) = r - 2. Suppose 3*q - 4 = 2*q. Suppose -q*o = -0*o + 12. Let l be f(o). Let c(p) = p**3 + 5*p**2 - 3. Determine c(l).
-3
Let a(t) = 2 - 49*t + 42*t + t**2 + 0*t**2. Calculate a(6).
-4
Let m(y) = 2*y + 1. Suppose -2*x = -p - 3*x, -2*p + x = 6. Let k(v) = -v**3 - 3*v**2 - 3*v - 1. Let c be k(p). Let s be -4 + 1 + c/1. Determine m(s).
-3
Let w(g) be the first derivative of g**4/4 - g**3/3 + g**2 - g + 7. Calculate w(2).
7
Let h(l) = 2*l - 5. Let q(j) = 4*j - 11. Let t(x) = 9*h(x) - 4*q(x). Let b(w) = -w - 2. Let s be b(3). Let v be (4/10)/(1/s). What is t(v)?
-5
Let z(x) = -3*x + 2*x**2 + 6 - 2 - x**3 - 4. Let l = -8 - -12. Let a(g) = g**2 - 5*g + 6. Let m be a(l). Give z(m).
-6
Let n(h) = -h**2 + 3*h. Suppose 4 + 0 = 4*m. Let l = -74 - -74. Suppose -x - m + 5 = l. What is n(x)?
-4
Let y be 0 + 2 + (1 - 5). Suppose -18 = -2*n - n. Let a(g) = 7*g**2 - 9*g + 3. Let q(f) = -15*f**2 + 19*f - 7. Let b(h) = n*q(h) + 13*a(h). What is b(y)?
7
Let f(j) be the third derivative of j**8/6720 + j**7/1260 + j**6/360 + j**5/60 + j**4/6 - 3*j**2. Let u(b) be the second derivative of f(b). Give u(-3).
-13
Let m(k) = 7 + 0*k - 10 - 3*k. Give m(-3).
6
Let o be 19/7 + (-6)/(-21). Let g(s) = 6*s - 3*s + s + 11*s**2 + s**3 - 16*s**2 - 1. What is g(o)?
-7
Let p(g) = -g**2 - 2*g - 2. Suppose -2*d + 6*d + 8 = 0. Determine p(d).
-2
Let v = 6 + -5. Suppose 0*x = 4*x + 4. Let l be x/v + 4/2. Let z(f) = -3*f. Determine z(l).
-3
Let y(a) = -2*a. Suppose 3*j + 4*i - 10 - 6 = 0, 0 = -j - 2*i + 8. Suppose j = -3*m - 2 + 11. Suppose 2 = m*t - 4. Calculate y(t).
-4
Let p(u) = u**3 - 5*u**2 + 6*u - 5. Let w be p(4). Let s(n) = n**2 + 11*n - 1 + 24*n - 35*n. Calculate s(w).
8
Suppose 3*h + 5*m = -10, 5 = 4*m + 1. Let v(n) = 3*n**3 - n**2 - 2. Let x(q) = -4*q**3 + 2*q**2 + q + 1. Let g(l) = h*v(l) - 4*x(l). Give g(4).
6
Let b(f) = -f + 1. Let t(p) = -p**3 - 15*p**2 - 2*p - 22. Let k be t(-15). Calculate b(k).
-7
Let i(f) = 0*f**2 - 3*f**2 - 1 + f - f**3 + 9*f**2. Give i(6).
5
Let n(a) = 3 + 7*a**2 + 2 + 5*a + a**3 + 1. What is n(-6)?
12
Let x(d) = 2*d**3 + 2*d**2 - 3*d - 2. Let w(h) = h**3 + h**2 - 2*h - 2. Let g(y) = 3*w(y) - 2*x(y). Give g(0).
-2
Let r(w) = -w**3 - 4*w**2 - 4*w - 4. Let y(v) = -v**2 - 3*v + 4. Let i be y(-3). Let k = i + -4. Suppose k = -p - 1 - 2. Calculate r(p).
-1
Let o(r) = -5*r**2 - 2*r + 3. Let j(y) = -25*y**2 - 11*y + 16. Let z(f) = -2*j(f) + 11*o(f). What is z(-1)?
-4
Let z(b) be the second derivative of b**6/180 + b**5/60 + b**4/8 - b**3 + 3*b. Let l(q) be the second derivative of z(q). Calculate l(-2).
7
Let s(m) = -m**2 - 12*m + 3. Let t(f) = f. Let a(x) = s(x) + 6*t(x). Determine a(-6).
3
Let t = 1 + -4. Let a(o) be the first derivative of -o**2/2 + o + 2. Calculate a(t).
4
Let a(q) = -q**2 - 11*q - 6. Let g(l) = l + 7. Let n be g(-5). Let r be (0 - n)/((-1)/(-5)). Let t be a(r). Let p(s) = s - 6. What is p(t)?
-2
Suppose -2*w + 7*w - 105 = 0. Let o(a) = w - 4 - 10 - 2*a + 4*a. What is o(-5)?
-3
Let d(q) be the first derivative of q**2 - 1/24*q**4 + 0*q + 1 + 1/3*q**3. Let z(l) be the second derivative of d(l). Give z(1).
1
Let